{"id":1724,"date":"2022-04-18T22:00:48","date_gmt":"2022-04-18T20:00:48","guid":{"rendered":"https:\/\/lucilehostalery.com\/?page_id=1724"},"modified":"2022-05-01T12:30:55","modified_gmt":"2022-05-01T10:30:55","slug":"boons","status":"publish","type":"page","link":"https:\/\/lucilehostalery.com\/index.php\/boons\/","title":{"rendered":"Boons"},"content":{"rendered":"\t\t<div data-elementor-type=\"wp-page\" data-elementor-id=\"1724\" class=\"elementor elementor-1724\">\n\t\t\t\t\t\t\t\t\t<section class=\"elementor-section elementor-top-section elementor-element elementor-element-de1ed03 elementor-section-boxed elementor-section-height-default elementor-section-height-default\" data-id=\"de1ed03\" data-element_type=\"section\">\n\t\t\t\t\t\t<div class=\"elementor-container elementor-column-gap-default\">\n\t\t\t\t\t<div class=\"elementor-column elementor-col-100 elementor-top-column elementor-element elementor-element-cf975f5\" data-id=\"cf975f5\" data-element_type=\"column\">\n\t\t\t<div class=\"elementor-widget-wrap elementor-element-populated\">\n\t\t\t\t\t\t\t\t<div class=\"elementor-element elementor-element-7fdf5c2 elementor-widget elementor-widget-spacer\" data-id=\"7fdf5c2\" data-element_type=\"widget\" data-widget_type=\"spacer.default\">\n\t\t\t\t<div class=\"elementor-widget-container\">\n\t\t\t<style>\/*! elementor - v3.9.2 - 21-12-2022 *\/\n.elementor-column .elementor-spacer-inner{height:var(--spacer-size)}.e-con{--container-widget-width:100%}.e-con-inner>.elementor-widget-spacer,.e-con>.elementor-widget-spacer{width:var(--container-widget-width,var(--spacer-size));--align-self:var(--container-widget-align-self,initial);--flex-shrink:0}.e-con-inner>.elementor-widget-spacer>.elementor-widget-container,.e-con-inner>.elementor-widget-spacer>.elementor-widget-container>.elementor-spacer,.e-con>.elementor-widget-spacer>.elementor-widget-container,.e-con>.elementor-widget-spacer>.elementor-widget-container>.elementor-spacer{height:100%}.e-con-inner>.elementor-widget-spacer>.elementor-widget-container>.elementor-spacer>.elementor-spacer-inner,.e-con>.elementor-widget-spacer>.elementor-widget-container>.elementor-spacer>.elementor-spacer-inner{height:var(--container-widget-height,var(--spacer-size))}<\/style>\t\t<div class=\"elementor-spacer\">\n\t\t\t<div class=\"elementor-spacer-inner\"><\/div>\n\t\t<\/div>\n\t\t\t\t<\/div>\n\t\t\t\t<\/div>\n\t\t\t\t\t<\/div>\n\t\t<\/div>\n\t\t\t\t\t\t\t<\/div>\n\t\t<\/section>\n\t\t\t\t<section class=\"elementor-section elementor-top-section elementor-element elementor-element-62a35e45 elementor-section-height-min-height elementor-section-items-top elementor-section-boxed elementor-section-height-default\" data-id=\"62a35e45\" data-element_type=\"section\">\n\t\t\t\t\t\t<div class=\"elementor-container elementor-column-gap-no\">\n\t\t\t\t\t<div class=\"elementor-column elementor-col-50 elementor-top-column elementor-element elementor-element-56abab7a\" data-id=\"56abab7a\" data-element_type=\"column\">\n\t\t\t<div class=\"elementor-widget-wrap elementor-element-populated\">\n\t\t\t\t\t\t\t\t<div class=\"elementor-element elementor-element-2bf4be8a elementor-widget elementor-widget-image\" data-id=\"2bf4be8a\" data-element_type=\"widget\" data-widget_type=\"image.default\">\n\t\t\t\t<div class=\"elementor-widget-container\">\n\t\t\t<style>\/*! elementor - v3.9.2 - 21-12-2022 *\/\n.elementor-widget-image{text-align:center}.elementor-widget-image a{display:inline-block}.elementor-widget-image a img[src$=\".svg\"]{width:48px}.elementor-widget-image img{vertical-align:middle;display:inline-block}<\/style>\t\t\t\t\t\t\t\t\t\t\t\t<img decoding=\"async\" src=\"http:\/\/lucilehostalery.com\/wp-content\/uploads\/2022\/04\/logo-1-1.png\" title=\"\" alt=\"\" \/>\t\t\t\t\t\t\t\t\t\t\t\t\t\t\t<\/div>\n\t\t\t\t<\/div>\n\t\t\t\t\t<\/div>\n\t\t<\/div>\n\t\t\t\t<div class=\"elementor-column elementor-col-50 elementor-top-column elementor-element elementor-element-2ba361a\" data-id=\"2ba361a\" data-element_type=\"column\" data-settings=\"{&quot;background_background&quot;:&quot;classic&quot;}\">\n\t\t\t<div class=\"elementor-widget-wrap elementor-element-populated\">\n\t\t\t\t\t\t\t\t<div class=\"elementor-element elementor-element-333b8dbe elementor-widget__width-initial elementor-widget-mobile__width-inherit elementor-countdown--label-block elementor-widget elementor-widget-countdown\" data-id=\"333b8dbe\" data-element_type=\"widget\" data-widget_type=\"countdown.default\">\n\t\t\t\t<div class=\"elementor-widget-container\">\n\t\t\t<style>\/*! elementor-pro - v3.9.2 - 21-12-2022 *\/\n.elementor-widget-countdown .elementor-countdown-expire--message{display:none;padding:20px;text-align:center}.elementor-widget-countdown .elementor-countdown-wrapper{flex-direction:row}.elementor-widget-countdown .elementor-countdown-item{padding:20px 0;text-align:center;color:#fff}.elementor-widget-countdown .elementor-countdown-digits,.elementor-widget-countdown .elementor-countdown-label{line-height:1}.elementor-widget-countdown .elementor-countdown-digits{font-size:69px}.elementor-widget-countdown .elementor-countdown-label{font-size:19px}.elementor-widget-countdown.elementor-countdown--label-block .elementor-countdown-wrapper{display:flex;justify-content:center;margin-right:auto;margin-left:auto}.elementor-widget-countdown.elementor-countdown--label-block .elementor-countdown-digits,.elementor-widget-countdown.elementor-countdown--label-block .elementor-countdown-label{display:block}.elementor-widget-countdown.elementor-countdown--label-block .elementor-countdown-item{flex-basis:0;flex-grow:1}.elementor-widget-countdown.elementor-countdown--label-inline{text-align:center}.elementor-widget-countdown.elementor-countdown--label-inline .elementor-countdown-item{display:inline-block;padding-left:5px;padding-right:5px}<\/style>\t\t<div data-evergreen-interval=\"13914000\" class=\"elementor-countdown-wrapper\" data-date=\"\">\n\t\t\t<div class=\"elementor-countdown-item\"><span class=\"elementor-countdown-digits elementor-countdown-days\"><\/span> <span class=\"elementor-countdown-label\">Jours<\/span><\/div><div class=\"elementor-countdown-item\"><span class=\"elementor-countdown-digits elementor-countdown-hours\"><\/span> <span class=\"elementor-countdown-label\">Heures<\/span><\/div><div class=\"elementor-countdown-item\"><span class=\"elementor-countdown-digits elementor-countdown-minutes\"><\/span> <span class=\"elementor-countdown-label\">Minutes<\/span><\/div><div class=\"elementor-countdown-item\"><span class=\"elementor-countdown-digits elementor-countdown-seconds\"><\/span> <span class=\"elementor-countdown-label\">Secondes<\/span><\/div>\t\t<\/div>\n\t\t\t\t<\/div>\n\t\t\t\t<\/div>\n\t\t\t\t\t<\/div>\n\t\t<\/div>\n\t\t\t\t\t\t\t<\/div>\n\t\t<\/section>\n\t\t\t\t<section class=\"elementor-section elementor-top-section elementor-element elementor-element-5def33f elementor-section-boxed elementor-section-height-default elementor-section-height-default\" data-id=\"5def33f\" data-element_type=\"section\">\n\t\t\t\t\t\t<div class=\"elementor-container elementor-column-gap-default\">\n\t\t\t\t\t<div class=\"elementor-column elementor-col-100 elementor-top-column elementor-element elementor-element-e80d4a0\" data-id=\"e80d4a0\" data-element_type=\"column\">\n\t\t\t<div class=\"elementor-widget-wrap elementor-element-populated\">\n\t\t\t\t\t\t\t\t<div class=\"elementor-element elementor-element-512a2e5 elementor-widget elementor-widget-text-editor\" data-id=\"512a2e5\" data-element_type=\"widget\" data-widget_type=\"text-editor.default\">\n\t\t\t\t<div class=\"elementor-widget-container\">\n\t\t\t<style>\/*! elementor - v3.9.2 - 21-12-2022 *\/\n.elementor-widget-text-editor.elementor-drop-cap-view-stacked .elementor-drop-cap{background-color:#818a91;color:#fff}.elementor-widget-text-editor.elementor-drop-cap-view-framed .elementor-drop-cap{color:#818a91;border:3px solid;background-color:transparent}.elementor-widget-text-editor:not(.elementor-drop-cap-view-default) .elementor-drop-cap{margin-top:8px}.elementor-widget-text-editor:not(.elementor-drop-cap-view-default) .elementor-drop-cap-letter{width:1em;height:1em}.elementor-widget-text-editor .elementor-drop-cap{float:left;text-align:center;line-height:1;font-size:50px}.elementor-widget-text-editor .elementor-drop-cap-letter{display:inline-block}<\/style>\t\t\t\t<p>\u00a0<\/p><p><i>Projet de fin d&rsquo;\u00e9tude en cours de conception<\/i><\/p><p>\u00a0<\/p>\t\t\t\t\t\t<\/div>\n\t\t\t\t<\/div>\n\t\t\t\t\t<\/div>\n\t\t<\/div>\n\t\t\t\t\t\t\t<\/div>\n\t\t<\/section>\n\t\t\t\t<section class=\"elementor-section elementor-top-section elementor-element elementor-element-3e66099 elementor-section-boxed elementor-section-height-default elementor-section-height-default\" data-id=\"3e66099\" data-element_type=\"section\">\n\t\t\t\t\t\t<div class=\"elementor-container elementor-column-gap-default\">\n\t\t\t\t\t<div class=\"elementor-column elementor-col-100 elementor-top-column elementor-element elementor-element-36f946c\" data-id=\"36f946c\" data-element_type=\"column\">\n\t\t\t<div class=\"elementor-widget-wrap elementor-element-populated\">\n\t\t\t\t\t\t\t\t<div class=\"elementor-element elementor-element-b4c2e00 elementor-widget elementor-widget-spacer\" data-id=\"b4c2e00\" data-element_type=\"widget\" data-widget_type=\"spacer.default\">\n\t\t\t\t<div class=\"elementor-widget-container\">\n\t\t\t\t\t<div class=\"elementor-spacer\">\n\t\t\t<div class=\"elementor-spacer-inner\"><\/div>\n\t\t<\/div>\n\t\t\t\t<\/div>\n\t\t\t\t<\/div>\n\t\t\t\t\t<\/div>\n\t\t<\/div>\n\t\t\t\t\t\t\t<\/div>\n\t\t<\/section>\n\t\t\t\t<section class=\"elementor-section elementor-top-section elementor-element elementor-element-cd57978 elementor-section-boxed elementor-section-height-default elementor-section-height-default\" data-id=\"cd57978\" data-element_type=\"section\">\n\t\t\t\t\t\t<div class=\"elementor-container elementor-column-gap-default\">\n\t\t\t\t\t<div class=\"elementor-column elementor-col-66 elementor-top-column elementor-element elementor-element-6e28e2c\" data-id=\"6e28e2c\" data-element_type=\"column\">\n\t\t\t<div class=\"elementor-widget-wrap elementor-element-populated\">\n\t\t\t\t\t\t\t\t<div class=\"elementor-element elementor-element-fae39f0 elementor-widget elementor-widget-heading\" data-id=\"fae39f0\" data-element_type=\"widget\" data-widget_type=\"heading.default\">\n\t\t\t\t<div class=\"elementor-widget-container\">\n\t\t\t<style>\/*! elementor - v3.9.2 - 21-12-2022 *\/\n.elementor-heading-title{padding:0;margin:0;line-height:1}.elementor-widget-heading .elementor-heading-title[class*=elementor-size-]>a{color:inherit;font-size:inherit;line-height:inherit}.elementor-widget-heading .elementor-heading-title.elementor-size-small{font-size:15px}.elementor-widget-heading .elementor-heading-title.elementor-size-medium{font-size:19px}.elementor-widget-heading .elementor-heading-title.elementor-size-large{font-size:29px}.elementor-widget-heading .elementor-heading-title.elementor-size-xl{font-size:39px}.elementor-widget-heading .elementor-heading-title.elementor-size-xxl{font-size:59px}<\/style><h2 class=\"elementor-heading-title elementor-size-default\">Le bracelet s\u00e9r\u00e9nit\u00e9<\/h2>\t\t<\/div>\n\t\t\t\t<\/div>\n\t\t\t\t<div class=\"elementor-element elementor-element-3488abe elementor-widget elementor-widget-text-editor\" data-id=\"3488abe\" data-element_type=\"widget\" data-widget_type=\"text-editor.default\">\n\t\t\t\t<div class=\"elementor-widget-container\">\n\t\t\t\t\t\t\t<p>Cr\u00e9ation entrepreneuriale pour mon projet de fin d&rsquo;\u00e9tude avec 5 \u00e9tudiants.<\/p>\n<p><\/p>\n<p>Conception du projet dans sa globalit\u00e9, en passant par des tutorats finances, juridiques et management, nous construisons notre soci\u00e9t\u00e9 \u00ab\u00a0fictive\u00a0\u00bb enti\u00e8rement.&nbsp;<\/p><p><br><\/p>\n<p><\/p>\n<p>Nous sommes partis d&rsquo;un probl\u00e8me de soci\u00e9t\u00e9 : <strong>10 ans, l&rsquo;\u00e2<span class=\"JsGRdQ\">ge moyen d&rsquo;obtention du premier smartphone en France&nbsp;<\/span>par les jeunes.<\/strong><\/p><p><strong><br><\/strong><\/p>\n<p>Nous r\u00e9pondons \u00e0 ce probl\u00e8me en apportant une solution innovante.<\/p>\n<p><\/p>\n<p>La soutenance de notre projet aura lieu devant un jury fin septembre 2022.&nbsp;<\/p>\t\t\t\t\t\t<\/div>\n\t\t\t\t<\/div>\n\t\t\t\t\t<\/div>\n\t\t<\/div>\n\t\t\t\t<div class=\"elementor-column elementor-col-33 elementor-top-column elementor-element elementor-element-e6187e2\" data-id=\"e6187e2\" data-element_type=\"column\">\n\t\t\t<div class=\"elementor-widget-wrap elementor-element-populated\">\n\t\t\t\t\t\t\t\t<div class=\"elementor-element elementor-element-b9a8bcb elementor-widget-divider--view-line elementor-widget elementor-widget-divider\" data-id=\"b9a8bcb\" data-element_type=\"widget\" data-widget_type=\"divider.default\">\n\t\t\t\t<div class=\"elementor-widget-container\">\n\t\t\t<style>\/*! elementor - v3.9.2 - 21-12-2022 *\/\n.elementor-widget-divider{--divider-border-style:none;--divider-border-width:1px;--divider-color:#2c2c2c;--divider-icon-size:20px;--divider-element-spacing:10px;--divider-pattern-height:24px;--divider-pattern-size:20px;--divider-pattern-url:none;--divider-pattern-repeat:repeat-x}.elementor-widget-divider .elementor-divider{display:flex}.elementor-widget-divider .elementor-divider__text{font-size:15px;line-height:1;max-width:95%}.elementor-widget-divider .elementor-divider__element{margin:0 var(--divider-element-spacing);flex-shrink:0}.elementor-widget-divider .elementor-icon{font-size:var(--divider-icon-size)}.elementor-widget-divider .elementor-divider-separator{display:flex;margin:0;direction:ltr}.elementor-widget-divider--view-line_icon .elementor-divider-separator,.elementor-widget-divider--view-line_text .elementor-divider-separator{align-items:center}.elementor-widget-divider--view-line_icon .elementor-divider-separator:after,.elementor-widget-divider--view-line_icon .elementor-divider-separator:before,.elementor-widget-divider--view-line_text .elementor-divider-separator:after,.elementor-widget-divider--view-line_text .elementor-divider-separator:before{display:block;content:\"\";border-bottom:0;flex-grow:1;border-top:var(--divider-border-width) var(--divider-border-style) var(--divider-color)}.elementor-widget-divider--element-align-left .elementor-divider .elementor-divider-separator>.elementor-divider__svg:first-of-type{flex-grow:0;flex-shrink:100}.elementor-widget-divider--element-align-left .elementor-divider-separator:before{content:none}.elementor-widget-divider--element-align-left .elementor-divider__element{margin-left:0}.elementor-widget-divider--element-align-right .elementor-divider .elementor-divider-separator>.elementor-divider__svg:last-of-type{flex-grow:0;flex-shrink:100}.elementor-widget-divider--element-align-right .elementor-divider-separator:after{content:none}.elementor-widget-divider--element-align-right .elementor-divider__element{margin-right:0}.elementor-widget-divider:not(.elementor-widget-divider--view-line_text):not(.elementor-widget-divider--view-line_icon) .elementor-divider-separator{border-top:var(--divider-border-width) var(--divider-border-style) var(--divider-color)}.elementor-widget-divider--separator-type-pattern{--divider-border-style:none}.elementor-widget-divider--separator-type-pattern.elementor-widget-divider--view-line .elementor-divider-separator,.elementor-widget-divider--separator-type-pattern:not(.elementor-widget-divider--view-line) .elementor-divider-separator:after,.elementor-widget-divider--separator-type-pattern:not(.elementor-widget-divider--view-line) .elementor-divider-separator:before,.elementor-widget-divider--separator-type-pattern:not([class*=elementor-widget-divider--view]) .elementor-divider-separator{width:100%;min-height:var(--divider-pattern-height);-webkit-mask-size:var(--divider-pattern-size) 100%;mask-size:var(--divider-pattern-size) 100%;-webkit-mask-repeat:var(--divider-pattern-repeat);mask-repeat:var(--divider-pattern-repeat);background-color:var(--divider-color);-webkit-mask-image:var(--divider-pattern-url);mask-image:var(--divider-pattern-url)}.elementor-widget-divider--no-spacing{--divider-pattern-size:auto}.elementor-widget-divider--bg-round{--divider-pattern-repeat:round}.rtl .elementor-widget-divider .elementor-divider__text{direction:rtl}.e-con-inner>.elementor-widget-divider,.e-con>.elementor-widget-divider{width:var(--container-widget-width);--flex-grow:var(--container-widget-flex-grow)}<\/style>\t\t<div class=\"elementor-divider\">\n\t\t\t<span class=\"elementor-divider-separator\">\n\t\t\t\t\t\t<\/span>\n\t\t<\/div>\n\t\t\t\t<\/div>\n\t\t\t\t<\/div>\n\t\t\t\t\t<\/div>\n\t\t<\/div>\n\t\t\t\t\t\t\t<\/div>\n\t\t<\/section>\n\t\t\t\t<section class=\"elementor-section elementor-top-section elementor-element elementor-element-64c47c3 elementor-section-boxed elementor-section-height-default elementor-section-height-default\" data-id=\"64c47c3\" data-element_type=\"section\">\n\t\t\t\t\t\t<div class=\"elementor-container elementor-column-gap-default\">\n\t\t\t\t\t<div class=\"elementor-column elementor-col-100 elementor-top-column elementor-element elementor-element-9be5209\" data-id=\"9be5209\" data-element_type=\"column\">\n\t\t\t<div class=\"elementor-widget-wrap elementor-element-populated\">\n\t\t\t\t\t\t\t\t<div class=\"elementor-element elementor-element-b5522d3 elementor-widget elementor-widget-spacer\" data-id=\"b5522d3\" data-element_type=\"widget\" data-widget_type=\"spacer.default\">\n\t\t\t\t<div class=\"elementor-widget-container\">\n\t\t\t\t\t<div class=\"elementor-spacer\">\n\t\t\t<div class=\"elementor-spacer-inner\"><\/div>\n\t\t<\/div>\n\t\t\t\t<\/div>\n\t\t\t\t<\/div>\n\t\t\t\t\t<\/div>\n\t\t<\/div>\n\t\t\t\t\t\t\t<\/div>\n\t\t<\/section>\n\t\t\t\t\t\t\t<\/div>\n\t\t","protected":false},"excerpt":{"rendered":"<p>Jours Heures Minutes Secondes \u00a0 Projet de fin d&rsquo;\u00e9tude en cours de conception \u00a0 Le bracelet s\u00e9r\u00e9nit\u00e9 Cr\u00e9ation entrepreneuriale pour mon projet de fin d&rsquo;\u00e9tude avec 5 \u00e9tudiants. Conception du projet dans sa globalit\u00e9, en passant par des tutorats finances, juridiques et management, nous construisons notre soci\u00e9t\u00e9 \u00ab\u00a0fictive\u00a0\u00bb enti\u00e8rement.&nbsp; Nous sommes partis d&rsquo;un probl\u00e8me de&hellip; <a class=\"more-link\" href=\"https:\/\/lucilehostalery.com\/index.php\/boons\/\">Poursuivre la lecture <span class=\"screen-reader-text\">Boons<\/span><\/a><\/p>\n","protected":false},"author":1,"featured_media":0,"parent":0,"menu_order":0,"comment_status":"closed","ping_status":"closed","template":"elementor_header_footer","meta":{"footnotes":""},"class_list":["post-1724","page","type-page","status-publish","hentry","entry"],"yoast_head":"<!-- This site is optimized with the Yoast SEO plugin v19.13 - https:\/\/yoast.com\/wordpress\/plugins\/seo\/ -->\n<title>Cr\u00e9ation entrepreneuriale - Lucile HOSTALERY<\/title>\n<meta name=\"robots\" content=\"index, follow, max-snippet:-1, max-image-preview:large, max-video-preview:-1\" \/>\n<link rel=\"canonical\" href=\"https:\/\/lucilehostalery.com\/index.php\/boons\/\" \/>\n<meta property=\"og:locale\" content=\"fr_FR\" \/>\n<meta property=\"og:type\" content=\"article\" \/>\n<meta property=\"og:title\" content=\"Cr\u00e9ation entrepreneuriale - Lucile HOSTALERY\" \/>\n<meta property=\"og:description\" content=\"Jours Heures Minutes Secondes \u00a0 Projet de fin d&rsquo;\u00e9tude en cours de conception \u00a0 Le bracelet s\u00e9r\u00e9nit\u00e9 Cr\u00e9ation entrepreneuriale pour mon projet de fin d&rsquo;\u00e9tude avec 5 \u00e9tudiants. Conception du projet dans sa globalit\u00e9, en passant par des tutorats finances, juridiques et management, nous construisons notre soci\u00e9t\u00e9 \u00ab\u00a0fictive\u00a0\u00bb enti\u00e8rement.&nbsp; Nous sommes partis d&rsquo;un probl\u00e8me de&hellip; Poursuivre la lecture Boons\" \/>\n<meta property=\"og:url\" content=\"https:\/\/lucilehostalery.com\/index.php\/boons\/\" \/>\n<meta property=\"og:site_name\" content=\"Lucile HOSTALERY\" \/>\n<meta property=\"article:modified_time\" content=\"2022-05-01T10:30:55+00:00\" \/>\n<meta property=\"og:image\" content=\"http:\/\/lucilehostalery.com\/wp-content\/uploads\/2022\/04\/logo-1-1.png\" \/>\n<meta name=\"twitter:card\" content=\"summary_large_image\" \/>\n<meta name=\"twitter:label1\" content=\"Dur\u00e9e de lecture estim\u00e9e\" \/>\n\t<meta name=\"twitter:data1\" content=\"1 minute\" \/>\n<script type=\"application\/ld+json\" class=\"yoast-schema-graph\">{\"@context\":\"https:\/\/schema.org\",\"@graph\":[{\"@type\":\"WebPage\",\"@id\":\"https:\/\/lucilehostalery.com\/index.php\/boons\/\",\"url\":\"https:\/\/lucilehostalery.com\/index.php\/boons\/\",\"name\":\"Cr\u00e9ation entrepreneuriale - Lucile HOSTALERY\",\"isPartOf\":{\"@id\":\"https:\/\/lucilehostalery.com\/#website\"},\"datePublished\":\"2022-04-18T20:00:48+00:00\",\"dateModified\":\"2022-05-01T10:30:55+00:00\",\"breadcrumb\":{\"@id\":\"https:\/\/lucilehostalery.com\/index.php\/boons\/#breadcrumb\"},\"inLanguage\":\"fr-FR\",\"potentialAction\":[{\"@type\":\"ReadAction\",\"target\":[\"https:\/\/lucilehostalery.com\/index.php\/boons\/\"]}]},{\"@type\":\"BreadcrumbList\",\"@id\":\"https:\/\/lucilehostalery.com\/index.php\/boons\/#breadcrumb\",\"itemListElement\":[{\"@type\":\"ListItem\",\"position\":1,\"name\":\"Accueil\",\"item\":\"https:\/\/lucilehostalery.com\/\"},{\"@type\":\"ListItem\",\"position\":2,\"name\":\"Boons\"}]},{\"@type\":\"WebSite\",\"@id\":\"https:\/\/lucilehostalery.com\/#website\",\"url\":\"https:\/\/lucilehostalery.com\/\",\"name\":\"Lucile HOSTALERY\",\"description\":\"\",\"publisher\":{\"@id\":\"https:\/\/lucilehostalery.com\/#organization\"},\"potentialAction\":[{\"@type\":\"SearchAction\",\"target\":{\"@type\":\"EntryPoint\",\"urlTemplate\":\"https:\/\/lucilehostalery.com\/?s={search_term_string}\"},\"query-input\":\"required name=search_term_string\"}],\"inLanguage\":\"fr-FR\"},{\"@type\":\"Organization\",\"@id\":\"https:\/\/lucilehostalery.com\/#organization\",\"name\":\"Lucile HOSTALERY\",\"url\":\"https:\/\/lucilehostalery.com\/\",\"logo\":{\"@type\":\"ImageObject\",\"inLanguage\":\"fr-FR\",\"@id\":\"https:\/\/lucilehostalery.com\/#\/schema\/logo\/image\/\",\"url\":\"https:\/\/lucilehostalery.com\/wp-content\/uploads\/2022\/03\/cropped-Logo-Lucile.png\",\"contentUrl\":\"https:\/\/lucilehostalery.com\/wp-content\/uploads\/2022\/03\/cropped-Logo-Lucile.png\",\"width\":173,\"height\":249,\"caption\":\"Lucile HOSTALERY\"},\"image\":{\"@id\":\"https:\/\/lucilehostalery.com\/#\/schema\/logo\/image\/\"}}]}<\/script>\n<!-- \/ Yoast SEO plugin. -->","yoast_head_json":{"title":"Cr\u00e9ation entrepreneuriale - Lucile HOSTALERY","robots":{"index":"index","follow":"follow","max-snippet":"max-snippet:-1","max-image-preview":"max-image-preview:large","max-video-preview":"max-video-preview:-1"},"canonical":"https:\/\/lucilehostalery.com\/index.php\/boons\/","og_locale":"fr_FR","og_type":"article","og_title":"Cr\u00e9ation entrepreneuriale - Lucile HOSTALERY","og_description":"Jours Heures Minutes Secondes \u00a0 Projet de fin d&rsquo;\u00e9tude en cours de conception \u00a0 Le bracelet s\u00e9r\u00e9nit\u00e9 Cr\u00e9ation entrepreneuriale pour mon projet de fin d&rsquo;\u00e9tude avec 5 \u00e9tudiants. Conception du projet dans sa globalit\u00e9, en passant par des tutorats finances, juridiques et management, nous construisons notre soci\u00e9t\u00e9 \u00ab\u00a0fictive\u00a0\u00bb enti\u00e8rement.&nbsp; Nous sommes partis d&rsquo;un probl\u00e8me de&hellip; Poursuivre la lecture Boons","og_url":"https:\/\/lucilehostalery.com\/index.php\/boons\/","og_site_name":"Lucile HOSTALERY","article_modified_time":"2022-05-01T10:30:55+00:00","og_image":[{"url":"http:\/\/lucilehostalery.com\/wp-content\/uploads\/2022\/04\/logo-1-1.png"}],"twitter_card":"summary_large_image","twitter_misc":{"Dur\u00e9e de lecture estim\u00e9e":"1 minute"},"schema":{"@context":"https:\/\/schema.org","@graph":[{"@type":"WebPage","@id":"https:\/\/lucilehostalery.com\/index.php\/boons\/","url":"https:\/\/lucilehostalery.com\/index.php\/boons\/","name":"Cr\u00e9ation entrepreneuriale - Lucile HOSTALERY","isPartOf":{"@id":"https:\/\/lucilehostalery.com\/#website"},"datePublished":"2022-04-18T20:00:48+00:00","dateModified":"2022-05-01T10:30:55+00:00","breadcrumb":{"@id":"https:\/\/lucilehostalery.com\/index.php\/boons\/#breadcrumb"},"inLanguage":"fr-FR","potentialAction":[{"@type":"ReadAction","target":["https:\/\/lucilehostalery.com\/index.php\/boons\/"]}]},{"@type":"BreadcrumbList","@id":"https:\/\/lucilehostalery.com\/index.php\/boons\/#breadcrumb","itemListElement":[{"@type":"ListItem","position":1,"name":"Accueil","item":"https:\/\/lucilehostalery.com\/"},{"@type":"ListItem","position":2,"name":"Boons"}]},{"@type":"WebSite","@id":"https:\/\/lucilehostalery.com\/#website","url":"https:\/\/lucilehostalery.com\/","name":"Lucile HOSTALERY","description":"","publisher":{"@id":"https:\/\/lucilehostalery.com\/#organization"},"potentialAction":[{"@type":"SearchAction","target":{"@type":"EntryPoint","urlTemplate":"https:\/\/lucilehostalery.com\/?s={search_term_string}"},"query-input":"required name=search_term_string"}],"inLanguage":"fr-FR"},{"@type":"Organization","@id":"https:\/\/lucilehostalery.com\/#organization","name":"Lucile HOSTALERY","url":"https:\/\/lucilehostalery.com\/","logo":{"@type":"ImageObject","inLanguage":"fr-FR","@id":"https:\/\/lucilehostalery.com\/#\/schema\/logo\/image\/","url":"https:\/\/lucilehostalery.com\/wp-content\/uploads\/2022\/03\/cropped-Logo-Lucile.png","contentUrl":"https:\/\/lucilehostalery.com\/wp-content\/uploads\/2022\/03\/cropped-Logo-Lucile.png","width":173,"height":249,"caption":"Lucile HOSTALERY"},"image":{"@id":"https:\/\/lucilehostalery.com\/#\/schema\/logo\/image\/"}}]}},"_links":{"self":[{"href":"https:\/\/lucilehostalery.com\/index.php\/wp-json\/wp\/v2\/pages\/1724","targetHints":{"allow":["GET"]}}],"collection":[{"href":"https:\/\/lucilehostalery.com\/index.php\/wp-json\/wp\/v2\/pages"}],"about":[{"href":"https:\/\/lucilehostalery.com\/index.php\/wp-json\/wp\/v2\/types\/page"}],"author":[{"embeddable":true,"href":"https:\/\/lucilehostalery.com\/index.php\/wp-json\/wp\/v2\/users\/1"}],"replies":[{"embeddable":true,"href":"https:\/\/lucilehostalery.com\/index.php\/wp-json\/wp\/v2\/comments?post=1724"}],"version-history":[{"count":68,"href":"https:\/\/lucilehostalery.com\/index.php\/wp-json\/wp\/v2\/pages\/1724\/revisions"}],"predecessor-version":[{"id":3518,"href":"https:\/\/lucilehostalery.com\/index.php\/wp-json\/wp\/v2\/pages\/1724\/revisions\/3518"}],"wp:attachment":[{"href":"https:\/\/lucilehostalery.com\/index.php\/wp-json\/wp\/v2\/media?parent=1724"}],"curies":[{"name":"wp","href":"https:\/\/api.w.org\/{rel}","templated":true}]}}